 = -2*q + 102, -q = -2*d + 97. What is the units digit of ((-1)/3)/((-2)/d)?
8
Suppose 5*a + 5*o = 2*o + 68, a = -5*o + 18. Suppose 0*q = q - a. What is the tens digit of q?
1
Let b = -23 - -195. What is the hundreds digit of b?
1
Suppose -2*d = -4*g - 188, 2*d = -2*g + 3*g + 176. Suppose -4*h + d + 15 = -r, 2*h = 2*r + 58. What is the units digit of h?
4
Suppose 3*s = -0*s - 60. Let u = 35 + s. Suppose 0 = 5*a - 4*n - u, -a + 5*n = -0*a + 18. What is the units digit of a?
7
Let a(p) = -7*p**3 + p**2 - 4*p - 12. Let n(j) = j**3 - j**2 + 1. Let q(z) = -a(z) - 6*n(z). Let l be q(-5). Let y = l - -23. What is the units digit of y?
9
Let d be 1/((-21)/(-11) - 2). Suppose 4*y = -2*q - 56, -4*y = 4*q + 26 + 22. Let z = d - y. What is the units digit of z?
5
Let a = 88 - 40. Suppose 0 = 7*h - 3*h - a. What is the tens digit of h?
1
Suppose -4*c + 314 = 38. What is the units digit of c?
9
Let k = 127 - 5. What is the tens digit of k?
2
Suppose -9*t = 9*t - 7254. What is the hundreds digit of t?
4
Suppose 4*z = -5*m + 24, 19 - 1 = 3*z + 4*m. What is the units digit of z?
6
Let z(q) = -q**3 + 10*q**2 - 9. What is the tens digit of z(9)?
7
Let d(a) = a**2 - 3*a - 2. What is the units digit of d(-1)?
2
Suppose -90 = -5*q - 2*d, -2*d - 2*d = 5*q - 80. What is the tens digit of q?
2
Suppose -4*w = -3*w - 2. Let h be (2 + (-5)/2)*-4. Suppose -6*j = w*d - h*j, 4*d = 4*j + 48. What is the units digit of d?
8
Let h(s) = 132*s**3 + s**2 + s. Let t be h(-1). What is the tens digit of (10/(-30))/(2/t)?
2
Let p be 3/12 - (-42)/(-8). Let x = p - -10. Suppose 0 = 3*q - 0*q + 4*s + 5, 0 = -q - x*s - 20. What is the units digit of q?
5
Suppose 0*j = 2*j + 4*o, -4*o - 12 = -4*j. Suppose 3*d - j = 1. What is the units digit of d?
1
What is the units digit of 190/3*72/20 + 0?
8
Let u(i) = -i**3 - 5*i**2 + 9*i + 10. What is the units digit of u(-7)?
5
Let g(d) = 10*d**2 - 2*d + 1. What is the units digit of g(1)?
9
Let f(k) = 26*k**2 + 17*k + 3. Let c(w) = -9*w**2 - 6*w - 1. Let j(g) = 8*c(g) + 3*f(g). What is the units digit of j(-2)?
9
Let q(m) = 3*m**2 - 2*m - 3. Let g be q(-2). Let a = g - 19. What is the units digit of (a/8)/((-2)/8)?
3
Suppose -3*q + 277 = a, -3*q + 2*q = 5*a - 111. What is the tens digit of q?
9
Let u = 19 + -15. Let t(i) = i**3 - 4*i**2 + 3*i + 5. Let z be t(4). Suppose -4*j = u*r + 4, 0 = 3*r - 3*j - 44 + z. What is the units digit of r?
4
Suppose 5*n - 12 = 2*n. Suppose n*a - 56 = 84. What is the units digit of a?
5
Let f = -5 + 5. Suppose -13 = 2*j - 5*l, -3*j + l - 13 = -f*j. Let a = j + 8. What is the units digit of a?
4
Suppose -3*d = -2*a + 11, -1 + 4 = -3*a - 2*d. Let u(n) = n**2 + n. Let c(p) = 3*p**2 + 8*p + 3. Let x(l) = a*c(l) - 4*u(l). What is the units digit of x(4)?
3
Let i(t) = 5*t - 3*t**2 + 3*t**2 + t**2 - 4. Let a be i(-6). Suppose -m + 5 = 4*z, a = z - 4*m + 5. What is the units digit of z?
1
What is the units digit of ((-140)/(-6))/5*39/2?
1
Let g be (-6)/(-3)*(-1)/2. Let v be (82 - g) + 3/(-1). Suppose -2*z + v = 3*z. What is the tens digit of z?
1
Suppose 4*b - 84 = 2*b. What is the tens digit of b?
4
What is the units digit of 11 + -6*(-3)/6?
4
What is the units digit of (52/(-6))/((-188)/(-48) + -4)?
4
Suppose 0 = -3*h + 2*i + 92, 5*h = -i + 3*i + 148. Suppose -2*w = j + j + 12, -3*j - 5*w = h. Let r(d) = -4*d**3 - 2*d**2 - d. What is the units digit of r(j)?
3
Suppose 3*n + 0 = -30. What is the tens digit of 9/45 - 128/n?
1
What is the tens digit of (-10)/35 + 499/7?
7
Suppose 4*o = -5*d + 21, -4 = -3*d - o + 10. Suppose 2*y - d*f - 27 = 0, 4*y - 65 = f + 16. What is the tens digit of y?
2
Suppose 0 = 8*y - 4*y - 248. Suppose -2*c + y = -2. What is the tens digit of c?
3
Suppose 3*s - 84 = -s. What is the tens digit of (-1)/(-3) - (-644)/s?
3
Let u be (3 - 9) + 3 + 5. Suppose 3*q - 19 = 44. Suppose u*s + 5 = q. What is the units digit of s?
8
Suppose -4*r = -3*u + 12, 5*u + 2*r - 3*r - 3 = 0. Suppose u = c - 2*c + 9. What is the units digit of (-1 - 19)*c/(-12)?
5
Suppose -3*o - 2*o - 19 = 2*w, 4*o + 17 = -w. Suppose 0*r = -w*r + 12. What is the units digit of (1*r)/(8/4)?
2
Suppose 4*l + 4*j - 13 = 15, -3*l + j = -9. Suppose -k = -l*k + 6. Suppose 0 = k*w - 7 - 5. What is the units digit of w?
6
Suppose 8 = -h + 17. Let j = -1 + h. What is the units digit of j?
8
Suppose 0 = 2*x - 3*w + 15, 5*x - 2*x - 3*w + 18 = 0. Let b = -20 - -34. Let l = b - x. What is the units digit of l?
7
Let n be 4/6 + 24/(-9). Let q(f) = -22*f - 5. What is the tens digit of q(n)?
3
Let c be ((2 - -2) + 2)/2. Suppose -2*y = c*y - 20. Suppose -91 = -y*l - 15. What is the tens digit of l?
1
Let r be (-100)/15*(-18)/4. What is the tens digit of r/(-3 + 1 - -3)?
3
Suppose l + 5 = 2. What is the units digit of (-8)/6*l/1?
4
Suppose 5*c + 198 = 11*c. What is the tens digit of c?
3
Let z(s) = s**2 + s + 22. Let q = -6 + 6. Let j be z(q). Suppose -j = -n - n. What is the tens digit of n?
1
Suppose 14 = -4*h + 34. Let u = 0 + h. What is the units digit of u?
5
Let c be 4*((-6)/(-4) - 2). Let v be (-1)/((c/(-3))/(-2)). Suppose 5*r - 25 = -j + 38, -r - v*j + 21 = 0. What is the units digit of r?
2
Suppose 3*j = -3*k + 7*k - 26, 2*k - 4*j - 18 = 0. Suppose -13 = x - 2*x + 5*v, k*v = 0. What is the tens digit of x?
1
Let r(m) = -m**3 + 6*m**2 + 2. Let s be r(6). Let z = 4 - s. Suppose -5*l - 5 = -3*p + 20, 0 = 2*p + z*l - 6. What is the units digit of p?
5
Suppose -2*v + 13 - 5 = 0. Suppose -5*y + 2*x = -7, -v + 5 = -x. Suppose 33 - y = 3*h - 4*o, -4*o = 5*h. What is the units digit of h?
4
Suppose -23 + 3 = -2*c. Suppose 5*h + 4*o = 72, -h - 2*o = o - c. What is the tens digit of h?
1
Suppose 0*v = -5*g - 4*v - 38, -4*v + 2 = g. Let w be ((-18)/5 + 2)*g. Suppose 0 = -5*z + w + 19. What is the units digit of z?
7
Let d(b) = -b**3 - 11*b**2 - 2*b - 5. What is the tens digit of d(-11)?
1
What is the units digit of -15*3/(-30)*6?
9
Let b be 18/27*9/2. Suppose 0 = -4*s - p + 213, -s = -b*s + p + 111. Suppose d = 0, 0*w = -3*w - 4*d + s. What is the tens digit of w?
1
Suppose -1 - 1 = -x. Let r(w) = 0*w + 5 - 1 - x*w. What is the units digit of r(-5)?
4
Let r be 1*0/(2/2). Suppose r*u = u - 13. What is the units digit of u?
3
Suppose -n + 0*n = -66. What is the units digit of n?
6
Let l(i) = i + 8. Let c be l(-6). What is the units digit of (-4)/(c*2/(-18))?
8
Let x = 74 - 7. What is the units digit of x?
7
Suppose 5*n - 2 = 4*n. Let o = n + 3. Let t = o + 3. What is the units digit of t?
8
Let l be (2/(0 - -1))/2. Let a be (-2)/l*(-30)/12. Let w(g) = g + 2. What is the units digit of w(a)?
7
Let v = 10 + -9. What is the units digit of v?
1
Let r(s) = 45*s - 5. What is the tens digit of r(1)?
4
Let s be (6 - -1) + 1 + 0. Let u be (-14)/4 + (-4)/s. What is the units digit of 2 - (u - -2) - -1?
5
Suppose 4*c - c - 6 = 0, -5*s - 3*c = -201. What is the units digit of s?
9
What is the units digit of 1 - (-2 - (-3 - -11))?
1
What is the tens digit of 9 + ((-27)/3)/(-3)?
1
Suppose -y - 6*y = -1099. What is the hundreds digit of y?
1
Let c(n) = n - 9. Let j be c(4). Let d(w) = w**2 + 2*w - 3. What is the tens digit of d(j)?
1
What is the units digit of (-3)/(225/(-6515)) - 4/(-30)?
7
Suppose 3*l + 0*l = 15. Suppose 0*y = l*y - 35. What is the units digit of y?
7
Let o(m) = 2*m - 5. Let g be o(4). Suppose y - 11 = -2*t, -g*y - 3*t - 4 + 40 = 0. What is the tens digit of y?
1
Let t(s) = 9*s + 2. What is the tens digit of t(2)?
2
Let v(x) = -10*x - 3. Let k be (4/(-6))/((-4)/(-12)). Let y be v(k). Suppose -3*m + y = 2. What is the units digit of m?
5
Let x(z) = -3*z**2 + 1 - 6*z + z**2 + z**2. What is the tens digit of x(-3)?
1
Let l = -17 - -17. Suppose l*d - 4*d = -112. What is the units digit of d?
8
What is the hundreds digit of 8440/56 - (-4)/14?
1
Let n = -9 + 12. What is the units digit of 3 + -3 + n - 0?
3
What is the units digit of ((-1)/2*2)/(-1)?
1
Let d = -2 + 3. Let b be 0 - d - -1 - 0. What is the tens digit of (b - -1)/((-2)/(-22))?
1
What is the units digit of (-8)/(-6) + 8/12?
2
Suppose 3*x - 4*j + 5*j - 8 = 0, -x + 10 = 4*j. Suppose -x*z + 5*c + 54 + 26 = 0, -c - 4 = 0. What is the units digit of z?
0
Suppose -4 = d + 3*d. What is the units digit of 34 + -3 - 2 - d?
0
Suppose 0 = 5*c + 20, -l + 5*c + 4 = -18. Let a(z) = l*z**2 + z - 2*z - 2 + 1. What